 of b.
11
List the prime factors of (22/(-3))/((-20)/360).
2, 3, 11
Let t be (8/6)/(2/6). Suppose -2*l + 6 = -t. Suppose -v - l = 4*q, 5*v - 101 = 4*q - 6. What are the prime factors of v?
3, 5
Let r be (1/(-2)*0)/1. Suppose r*f = -4*f. Suppose f = q - 5. What are the prime factors of q?
5
Let s(k) = 2*k**2 - 8*k - 24. What are the prime factors of s(-5)?
2, 3, 11
Let x = 90 - 49. List the prime factors of x.
41
Let d(b) be the first derivative of -b**4/4 + 10*b**3/3 - 4*b**2 - 6*b - 4. Let c(l) = 2*l**3 - 2*l**2 + 2*l - 3. Let m be c(2). List the prime factors of d(m).
3
Suppose -831 = -6*g + 963. What are the prime factors of g?
13, 23
Let s(n) = -6 + 4*n + 17 - 3*n. Let r be s(-8). List the prime factors of -3 + 2 + 1 + r.
3
Suppose 0 = 4*m - 3*m - 25. Suppose 5*q = -4*i + m, -2*i - 6*q + q = -15. List the prime factors of i.
5
Suppose -b = -6*b - 30. What are the prime factors of 228/14 + b/21?
2
Let k be 0*(0 - 1)*-1. Suppose 8 = 4*r, -r - 4 = -3*u + 3. Suppose 2*p - u*p + 11 = k. What are the prime factors of p?
11
Suppose 6*c - c - 385 = 5*j, -5*c - 4*j = -367. What are the prime factors of c?
3, 5
Let u(m) = -m**3 - 10*m**2 - m - 4. Let c be (-50)/15*(2 - -1). What are the prime factors of u(c)?
2, 3
What are the prime factors of 124*5/5 - -2?
2, 3, 7
Let w(x) = x**3 + 13*x**2 + 12*x + 2. Let c be w(-12). Let n = -3 + c. What are the prime factors of 1/(-2)*(-3 + n)?
2
Let q = -6 - -10. Suppose 0 = 4*y - 2*y - q. What are the prime factors of y?
2
Let x(s) = 18 + 16 + s + 0*s. Let c be x(0). Suppose -3*h - 4 = -m, -5*m + c = 5*h + 14. What are the prime factors of m?
2
Suppose -4*u - 2 = 2. Let l be (-1 + 1)/u - -23. Suppose 1 = 3*q - l. List the prime factors of q.
2
Let v(b) = 33*b - 13. What are the prime factors of v(6)?
5, 37
Suppose 483 = 5*d - 112. What are the prime factors of d?
7, 17
Let d = -35 + 69. List the prime factors of d.
2, 17
Let s = 38 - -46. List the prime factors of s.
2, 3, 7
Suppose 0 = -p - 2*g + 130, 4*p + 0*g - 538 = -2*g. Let t = p - 91. List the prime factors of t.
3, 5
Suppose c = -18 + 65. List the prime factors of c.
47
Suppose -s + 205 = -0*q + 2*q, -4*q + 407 = 5*s. What are the prime factors of q?
103
Let o = -9 + 25. Suppose a - o = -3*a. What are the prime factors of a?
2
Let a(r) = 3*r + 13. Let q be a(-5). List the prime factors of (-1)/q*-98*-1.
7
Let m(n) = -n + 11. What are the prime factors of m(-7)?
2, 3
Suppose 12 = -4*c, -2*l + 74 - 16 = 2*c. List the prime factors of l.
2
Let a(p) = 4*p**2 + 2*p + 1. Let s be (-23)/(-7) + 8/(-28). What are the prime factors of a(s)?
43
Let u(x) = 2*x**3 + 1 - x**3 + 9*x - 3*x + 7*x**2 + 0*x**3. List the prime factors of u(-4).
5
Suppose 5*f - 20 = 0, r - 4*f + 24 = 2*r. Suppose 4*m - 8 - r = 0. List the prime factors of m.
2
Let x(v) = 5*v + 1. Let b(s) = -6*s - 1. Let w(f) = 6*b(f) + 7*x(f). What are the prime factors of w(-3)?
2
Let l(i) = i**3 - 3*i**2 + 3*i + 5. What are the prime factors of l(4)?
3, 11
Let b = -7 + 16. Let u = -15 + b. Let l(w) = w**2 + 4*w + 3. What are the prime factors of l(u)?
3, 5
Let j = -15 - -28. List the prime factors of j.
13
Let t be 1 - (4 + -8 - -4). Suppose -2*w = -4*q + 3*w + 16, -4 = -q - w. Suppose r - 24 = -4*g + 2*r, -q*r = 3*g + t. List the prime factors of g.
5
Suppose q = 3*x - 10, -x + 20 = 2*q + q. Suppose 2*a - r = 6, -q*r + 3*r = -5*a + 14. List the prime factors of a.
2
Let l(d) = -1 + 2*d**2 + 3*d - 3 + 0*d + 0*d**2. List the prime factors of l(-3).
5
List the prime factors of (-3 + (-20)/(-8))*-38.
19
List the prime factors of (-6)/2 + 264/6.
41
Suppose -5*v + 10 = -0*v. Suppose 2*q + 5*y = 37, -4*q = 2*y - 64 - v. What are the prime factors of q?
2
Let u(y) = 224*y**3 + 2*y**2 - 3*y + 2. List the prime factors of u(1).
3, 5
Suppose 0 = -4*h + 5*y - 5, 2*h - 30 = -h - 3*y. Let w = 7 - h. What are the prime factors of (w + 0)*(-45)/(-6)?
3, 5
Suppose -4*b + 4*v + 32 = 0, -3*b = -4*v - 0*v - 25. Suppose -b = -4*s + 21. List the prime factors of s.
7
Let x(f) = -f**2 + 15*f + 9. Let q be x(15). List the prime factors of (39/5)/(q/45).
3, 13
Let x(m) = 9*m**2 - m - 10. List the prime factors of x(3).
2, 17
Let s(x) = -1 - 2*x**2 + 0*x + 52*x**3 + 2*x - 51*x**3. What are the prime factors of s(3)?
2, 7
Let h = 209 + -129. What are the prime factors of h?
2, 5
Let m(l) = -l**3 - 5*l**2 + 7*l + 9. Let c be m(-6). Suppose 0 = z + t - 0*t - 7, c*z - 4*t = -7. List the prime factors of z.
3
Let q = 3 - 8. Let p(m) = -m**2 - 7*m - 3. What are the prime factors of p(q)?
7
Let r(i) = -6*i**3 - 2*i**2 - i + 3. Let q(a) = -5*a**3 - a**2 + 3. Let l(z) = -4*q(z) + 3*r(z). Let b be l(3). Let n = -15 + b. List the prime factors of n.
3
Suppose 0 = -4*g + 26 + 10. List the prime factors of g/((-2)/(-2))*1.
3
Let z = -47 - -82. Let q = z + -3. List the prime factors of q.
2
Suppose a - 5*u - 28 = 0, -5*a + 0*u = 3*u. Let h = 1 - 1. Suppose -2*k = -h*d - a*d + 47, 69 = 5*d - k. List the prime factors of d.
13
Let m = 136 - 132. List the prime factors of m.
2
What are the prime factors of (-1)/((-1238)/(-413) + (-15)/5)?
7, 59
Let b be -1*(-2 - -1) + -1. Suppose 4*w = -8 - b. List the prime factors of 1/((-3)/(-33)) + w.
3
Let d = 3 - -2. Suppose 24 + 11 = d*a. List the prime factors of a.
7
Let x(a) = 4*a - 1. Let z be x(1). Suppose -2*v - z*v = -25. Suppose -9 = -4*n - 2*s + 3, 5*s = -v*n + 5. List the prime factors of n.
5
Let r(l) = -l**3 - l**2 + 4*l + 2. What are the prime factors of r(-4)?
2, 17
Let d = -4 - -1. Let j = 0 - d. Suppose 0 = -u - j*u + 20, u = -2*y + 27. List the prime factors of y.
11
Suppose 4*h - h - 30 = 0. List the prime factors of h/(1 - 0)*2.
2, 5
Suppose 2*x = 2*c + 7 - 1, 0 = c + 3*x - 13. Let l = -2 + 7. List the prime factors of (-6 + 8)/(c/l).
2, 5
Let q be -1*(-2 - (28 + -3)). Let d(j) = -4*j + 5. Let g be d(5). Let y = g + q. What are the prime factors of y?
2, 3
Let z = -5 - -4. List the prime factors of z + 10 + 2 + 0.
11
Suppose -268 = -3*k - k. List the prime factors of k.
67
Let a(m) = 7*m + 1. Suppose -5*q = 5*l, 5*q - 4*l = -3*l + 6. What are the prime factors of a(q)?
2
Let z be -1 - (1 + -6 + 0). Suppose 0 = z*h + 2*d - 72, 9*d - 4*d = -4*h + 66. List the prime factors of h.
19
Suppose 5 = -y + 11. List the prime factors of y.
2, 3
Suppose 10 = t + 8. What are the prime factors of t?
2
Suppose -3*u = 4*j - 611, 5*j = -4*u + 558 + 256. What are the prime factors of u?
3, 67
Suppose 3 + 5 = 4*g. What are the prime factors of ((-15)/(-5))/(g/10)?
3, 5
What are the prime factors of ((-3)/3)/1 - -246?
5, 7
Let t be 3/(-1) + 14 + -7. Suppose 0 = -t*v + 3*o + 67, -5*v - 2*o + 82 = -4*o. What are the prime factors of v?
2
Let w(s) = -7 - s**3 + 3 + 6*s**2 - 1 + 8*s. Let z be w(7). Suppose 3*o = o - 2*c + 8, 0 = z*c. List the prime factors of o.
2
Let h = -4 + 28. What are the prime factors of h?
2, 3
Suppose -2*g = 5*d - 586 + 10, -4*d + 2*g + 468 = 0. What are the prime factors of d?
2, 29
Suppose 3*s - 120 - 96 = 0. Let y = -43 + s. List the prime factors of y.
29
Suppose 14 = -c - 2*c - 4*p, 0 = -4*c + 4*p + 28. Suppose -c*u + 48 = u + 3*d, 0 = -5*d. What are the prime factors of u?
2
Suppose 3*q - q - 166 = -2*a, 4*a = 3*q - 235. What are the prime factors of q?
3
Suppose 0*k + 3*m - 53 = -4*k, -2*m + 41 = 3*k. What are the prime factors of k?
17
Let v(i) = -i**2 - 2*i + 11. Let b be v(-8). Let g = -2 - b. What are the prime factors of g?
5, 7
Suppose 5*d + 894 = 4*m, 0*d - 2*d - 352 = 4*m. Let o be d/(-6) + 2/6. Let z = -18 + o. What are the prime factors of z?
2, 3
Suppose 10*k - 777 = 373. What are the prime factors of k?
5, 23
Let k(g) = -2 - 4*g + 7 + 8*g + g**2. List the prime factors of k(-5).
2, 5
Let r(a) = -a**2 - 10*a - 1. What are the prime factors of r(-7)?
2, 5
Suppose -s - 4 = s. Let q = s - -4. List the prime factors of q.
2
Let k = 12 + -19. Let x = k + 12. Suppose -p = 2*n + 1, -p - 4*n = x + 2. What are the prime factors of p?
5
Let x be 1*-1*(0 + 4). Let i(o) = 0*o + 0*o - 3*o - 4. List the prime factors of i(x).
2
Let g(c) = -c**3 + 7*c**2 + 1. Let y be g(7). Suppose 3*v + y = 55. List the prime factors of v.
2, 3
Suppose 0*f + 2*f = g + 162, -5*g - 170 = -2*f. What are the prime factors of f?
2, 5
Suppose -5*d + 13 + 2 = 0. Suppose -q = -3*q. Suppose q = -d*h - 